{"id":1131,"date":"2017-03-21T06:45:33","date_gmt":"2017-03-21T05:45:33","guid":{"rendered":"http:\/\/natalijapodjavorsek.splet.arnes.si\/?page_id=1131"},"modified":"2019-09-07T17:10:58","modified_gmt":"2019-09-07T15:10:58","slug":"pocitniski-program-za-otroke","status":"publish","type":"page","link":"https:\/\/natalijapodjavorsek.splet.arnes.si\/?page_id=1131","title":{"rendered":"PO\u010cITNI\u0160KI PROGRAM ZA OTROKE"},"content":{"rendered":"<p>To je 5 -dnevni po\u010ditni\u0161ki program. Pred leti smo ga uporabili na enem oratoriju in bilo je dobro. Del\u010dke pa je mogo\u010de uporabiti na vikendih za otroke I. triade in delno tudi pred\u0161olske otroke.<\/p>\n<p>&nbsp;<\/p>\n<p><a href=\"http:\/\/natalijapodjavorsek.splet.arnes.si\/files\/2017\/03\/FRAN\u010cKOVE-DOGODIV\u0160\u010cINE-BLED.doc\">FRAN\u010cKOVE DOGODIV\u0160\u010cINE<\/a><\/p>\n","protected":false},"excerpt":{"rendered":"<p>To je 5 -dnevni po\u010ditni\u0161ki program. Pred leti smo ga uporabili na enem oratoriju in bilo je dobro. Del\u010dke pa je mogo\u010de uporabiti na vikendih za otroke I. triade in delno tudi pred\u0161olske otroke. &nbsp; FRAN\u010cKOVE DOGODIV\u0160\u010cINE<\/p>\n","protected":false},"author":2218,"featured_media":0,"parent":269,"menu_order":0,"comment_status":"closed","ping_status":"closed","template":"","meta":{"footnotes":""},"class_list":["post-1131","page","type-page","status-publish","hentry"],"_links":{"self":[{"href":"https:\/\/natalijapodjavorsek.splet.arnes.si\/index.php?rest_route=\/wp\/v2\/pages\/1131","targetHints":{"allow":["GET"]}}],"collection":[{"href":"https:\/\/natalijapodjavorsek.splet.arnes.si\/index.php?rest_route=\/wp\/v2\/pages"}],"about":[{"href":"https:\/\/natalijapodjavorsek.splet.arnes.si\/index.php?rest_route=\/wp\/v2\/types\/page"}],"author":[{"embeddable":true,"href":"https:\/\/natalijapodjavorsek.splet.arnes.si\/index.php?rest_route=\/wp\/v2\/users\/2218"}],"replies":[{"embeddable":true,"href":"https:\/\/natalijapodjavorsek.splet.arnes.si\/index.php?rest_route=%2Fwp%2Fv2%2Fcomments&post=1131"}],"version-history":[{"count":1,"href":"https:\/\/natalijapodjavorsek.splet.arnes.si\/index.php?rest_route=\/wp\/v2\/pages\/1131\/revisions"}],"predecessor-version":[{"id":1135,"href":"https:\/\/natalijapodjavorsek.splet.arnes.si\/index.php?rest_route=\/wp\/v2\/pages\/1131\/revisions\/1135"}],"up":[{"embeddable":true,"href":"https:\/\/natalijapodjavorsek.splet.arnes.si\/index.php?rest_route=\/wp\/v2\/pages\/269"}],"wp:attachment":[{"href":"https:\/\/natalijapodjavorsek.splet.arnes.si\/index.php?rest_route=%2Fwp%2Fv2%2Fmedia&parent=1131"}],"curies":[{"name":"wp","href":"https:\/\/api.w.org\/{rel}","templated":true}]}}