{"id":169,"date":"2015-03-06T13:18:28","date_gmt":"2015-03-06T13:18:28","guid":{"rendered":"http:\/\/natalijapodjavorsek.splet.arnes.si\/?page_id=169"},"modified":"2019-03-12T15:56:40","modified_gmt":"2019-03-12T14:56:40","slug":"kateheza-i-triada","status":"publish","type":"page","link":"https:\/\/natalijapodjavorsek.splet.arnes.si\/?page_id=169","title":{"rendered":"KATEHEZA  ZA I. TRIADO"},"content":{"rendered":"<table>\n<tbody>\n<tr>\n<td width=\"29\"><\/td>\n<td colspan=\"4\" width=\"1007\">Teme so razporejene v 3 leta. Za vsako leto je predvidenih 24 tem.\u00a0 8 ur verouka ostaja rezerviranih za skupne dejavnosti (4 sre\u0107anja za svetopisemski kviz, 4 sre\u010danja za \u017eupnija in cerkev, godovni zavetniki oz. igre ABC katekizem) .\u00a0 Seveda pa lahko\u00a0 vsak katehet kak\u0161no temo izpusti in doda drugo, glede na potrebe otrok to\u010dno dolo\u010dene skupine. Tudi na\u010din, kako bo dolo\u010deno temo posredoval je prepu\u0161\u010den katehetu, vsebine zbrane tukaj pa so mu lahko\u00a0 v pomo\u010d.\u00a0 Veliko katehez je podanih zgolj vsebinsko, da katehet ve, kaj mora povedati, mora pa sam prilkagoditi za otroke.\u00a0 Za prvoobhajance se predvideva, da se bodo dokon\u010dno na prvo spoved in prvoobhajilo pripravili na duhovnem vikendu, \u010de temu ni tako, je potrebno pripravi na zakramente nameniti ve\u010d \u010dasa, kot je zapisano tukaj. Na za\u010detku leta tudi katehet razporedi\u00a0 ure v smisleno zaporedje. Pomembno je, da so kateheze za post, advent in kateheze o Mariji neposredno pred postnim \u010dasom, adventnim \u010dasom, za\u010detkom oktobra oz. maja in da se otroci pri uri dogovorijo, v \u010dem bo ta \u010das za njih poseben, zakaj se bodo posebej trudili.<\/td>\n<\/tr>\n<tr>\n<td width=\"29\"><\/td>\n<td width=\"198\"><\/td>\n<td width=\"270\"><strong><em>LETO A<\/em><\/strong><\/td>\n<td width=\"270\"><strong><em>LETO B<\/em><\/strong><\/td>\n<td width=\"270\"><strong><em>LETO C<\/em><\/strong><\/td>\n<\/tr>\n<tr>\n<td width=\"29\">1<\/td>\n<td width=\"198\">\n<h3><a href=\"http:\/\/natalijapodjavorsek.splet.arnes.si\/files\/2015\/03\/ADVENTNI-\u010cAS.docx\">ADVENTNI \u010cAS<\/a><\/h3>\n<\/td>\n<td width=\"270\"><a href=\"http:\/\/natalijapodjavorsek.splet.arnes.si\/?p=1679\">Adventni \u010das in Janez KrstnikLk 3, 1-20<\/a><\/td>\n<td width=\"270\">\n<p><a href=\"http:\/\/natalijapodjavorsek.splet.arnes.si\/?p=2017\">Z Marijo se pripravljamo na Bo\u017ei\u010d<\/a><\/p>\n<p>Lk 1, 39-56<\/td>\n<td width=\"270\">\n<p><a href=\"http:\/\/natalijapodjavorsek.splet.arnes.si\/?p=1329\">Odpu\u0161\u010dajmo drug drugemu in pripravimo pot Gospodu<\/a><\/p>\n<p>Mr 1, 1-8<\/td>\n<\/tr>\n<tr>\n<td width=\"29\">2<\/td>\n<td width=\"198\">\n<h3>BO\u017dI\u010c<\/h3>\n<\/td>\n<td width=\"270\"><a href=\"http:\/\/natalijapodjavorsek.splet.arnes.si\/files\/2015\/03\/igra_bozic_vprasanja.pdf\">BO\u017dI\u010c &#8211; kviz<\/a><\/td>\n<td width=\"270\">\n<p>Rojstvo Jezusa in pastir\u010dki<\/p>\n<p>Lk 2, 8-14<\/p>\n<p>&nbsp;<\/td>\n<td width=\"270\">\n<p><a href=\"http:\/\/natalijapodjavorsek.splet.arnes.si\/?p=1337\">Pridite, molimo!<\/a><\/p>\n<p>\/Trije kralji\/<\/td>\n<\/tr>\n<tr>\n<td width=\"29\">3<\/td>\n<td rowspan=\"3\" width=\"198\">\n<h3>POSTNI \u010cAS<\/h3>\n<p>&nbsp;<\/p>\n<p>&nbsp;<\/p>\n<h3>VELIKA NO\u010c<\/h3>\n<\/td>\n<td width=\"270\"><a href=\"http:\/\/natalijapodjavorsek.splet.arnes.si\/files\/2015\/03\/smisel-posta.doc\">SMISEL POSTA<\/a><\/td>\n<td width=\"270\"><a href=\"http:\/\/natalijapodjavorsek.splet.arnes.si\/files\/2015\/03\/z-Jezusom-v-Veliko-no\u010d.doc\">Z JEZUSOM V VELIKO NO\u010c<\/a><\/td>\n<td width=\"270\"><a href=\"http:\/\/natalijapodjavorsek.splet.arnes.si\/files\/2015\/03\/postni-\u010das-kviz.pdf\">postni \u010das &#8211; kviz<\/a><\/td>\n<\/tr>\n<tr>\n<td width=\"29\">4<\/td>\n<td width=\"270\"><a href=\"http:\/\/natalijapodjavorsek.splet.arnes.si\/?p=1941\">CVETNA NEDELJA IN VELIKA NO\u010c <\/a><\/td>\n<td width=\"270\"><a href=\"http:\/\/natalijapodjavorsek.splet.arnes.si\/?p=1409\">ZNAMENJE KRI\u017dA<\/a><\/td>\n<td width=\"270\"><a href=\"http:\/\/natalijapodjavorsek.splet.arnes.si\/?p=1905\">KRI\u017dEV POT<\/a><\/td>\n<\/tr>\n<tr>\n<td width=\"29\">5<\/td>\n<td width=\"270\"><em><a href=\"http:\/\/natalijapodjavorsek.splet.arnes.si\/?p=2023\">Vstali Jezus se prika\u017ee svojim u\u010dencem<\/a><\/em><\/td>\n<td width=\"270\"><a href=\"http:\/\/natalijapodjavorsek.splet.arnes.si\/?p=1951\"><em>VELIKONO\u010cNI \u017dEGEN<\/em><\/a><\/td>\n<td width=\"270\"><a href=\"http:\/\/natalijapodjavorsek.splet.arnes.si\/?p=2035\">Peter, Jezusov prvi namestnik na zemlji<\/a><\/td>\n<\/tr>\n<tr>\n<td width=\"29\">6<\/td>\n<td width=\"198\">\n<h3>MARIJA<\/h3>\n<\/td>\n<td width=\"270\"><a href=\"http:\/\/natalijapodjavorsek.splet.arnes.si\/files\/2015\/03\/marijina-sveti\u0161\u010da.docx\">Marijina sveti\u0161\u010da v Sloveniji <\/a><\/td>\n<td width=\"270\"><a href=\"http:\/\/natalijapodjavorsek.splet.arnes.si\/files\/2015\/03\/zdrava-marija.docx\">molitev Zdrava Marija<\/a><\/td>\n<td width=\"270\"><a title=\"MARIJA 3 c\" href=\"http:\/\/natalijapodjavorsek.splet.arnes.si\/?page_id=390\">Marija, Jezusova in na\u0161a mama<\/a><\/td>\n<\/tr>\n<tr>\n<td width=\"29\">7<\/td>\n<td rowspan=\"3\" width=\"198\">\n<h4>ZAKRAMENTI<\/h4>\n<h4><\/h4>\n<h4>\u00a0<a href=\"http:\/\/natalijapodjavorsek.splet.arnes.si\/files\/2015\/03\/5-P-in-spoved.doc\">ZAKRAMENT SPOVEDI<\/a><\/h4>\n<h4><\/h4>\n<h4><\/h4>\n<h4>ZAKRAMENT EVHARISTIJE<\/h4>\n<\/td>\n<td width=\"270\"><a href=\"http:\/\/natalijapodjavorsek.splet.arnes.si\/files\/2015\/03\/zakramenti-igra.docx\">ZAKRAMENTI SPLO\u0160NO<\/a><\/td>\n<td width=\"270\"><strong><em><a href=\"http:\/\/natalijapodjavorsek.splet.arnes.si\/?p=1283\">BO\u017dJI OTROK SEM<\/a>\/sv. krst<br \/>\n<\/em><\/strong><\/td>\n<td width=\"270\"><a href=\"http:\/\/natalijapodjavorsek.splet.arnes.si\/?p=1691\">S krstom sem postal Jezusov u\u010denec<\/a><\/td>\n<\/tr>\n<tr>\n<td width=\"29\">8<\/td>\n<td width=\"270\"><strong><em><a href=\"http:\/\/natalijapodjavorsek.splet.arnes.si\/?p=1361\">JEZUS MI ODPU\u0160\u010cA GREHE <\/a><br \/>\n<\/em><\/strong><a href=\"http:\/\/natalijapodjavorsek.splet.arnes.si\/files\/2015\/03\/Jani-se-pripravlja-na-spoved2-1.doc\">JANI SE PRIPRAVLJA NA SPOVED<\/a><\/td>\n<td width=\"270\"><strong><a href=\"http:\/\/natalijapodjavorsek.splet.arnes.si\/?p=1275\">VARUJMO SE GREHA<\/a><\/strong><\/td>\n<td width=\"270\"><a href=\"http:\/\/natalijapodjavorsek.splet.arnes.si\/?p=1355\">NA\u0160 BOG JE O\u010cE USMILJENJA <\/a><\/td>\n<\/tr>\n<tr>\n<td width=\"29\">9<\/td>\n<td width=\"270\">Jezus prihaja med nas pri vsaki sveti ma\u0161i &#8211; <a href=\"http:\/\/natalijapodjavorsek.splet.arnes.si\/?p=1781\">evharisti\u010dni \u010dude\u017ei<\/a><\/td>\n<td width=\"270\"><strong><a href=\"http:\/\/natalijapodjavorsek.splet.arnes.si\/?p=1793\">EVHARISTIJA- HRANA ZA \u017dIVLJENJE<\/a><br \/>\n<\/strong><\/td>\n<td width=\"270\"><a href=\"http:\/\/natalijapodjavorsek.splet.arnes.si\/files\/2015\/03\/srce-dobi-obisk.doc\">SRCE DOBI OBISK<\/a><\/td>\n<\/tr>\n<tr>\n<td width=\"29\">10<\/td>\n<td rowspan=\"3\" width=\"198\">\n<h3>ZAPOVEDI<\/h3>\n<\/td>\n<td width=\"270\">Bog pazi na nas\u2026 zato nam je dal deset zapovedi\/vklju\u010dimo zgodbo o Mojzesu<\/td>\n<td width=\"270\">\n<p>Bogu je mar zame\u2026 zato mi ne dovoli vsega<\/p>\n<p>(zapovedi nas varujejo, kot prometni znaki na cesti)<\/td>\n<td width=\"270\"><a title=\"ZAPOVEDI C1\" href=\"http:\/\/natalijapodjavorsek.splet.arnes.si\/?page_id=352\"><strong>Zlato pravilo<\/strong>\/ Ljubite se med seboj, kakor sem vas jaz ljubil<\/a><\/td>\n<\/tr>\n<tr>\n<td width=\"29\">11<\/td>\n<td width=\"270\"><a href=\"http:\/\/natalijapodjavorsek.splet.arnes.si\/?p=456\"><strong><em>Kjer je Bog na prvem mestu, je vse na pravem mestu<\/em><\/strong>\/Veruj v enega Boga<\/a> in ne skruni Bo\u017ejega imena<\/td>\n<td width=\"270\"><strong><a title=\"ZAPOVEDI B2\" href=\"http:\/\/natalijapodjavorsek.splet.arnes.si\/?page_id=333\"><em>Veselim se tistega kar imam<\/em><\/a> \/<\/strong>Ne kradi in Ne \u017eeli svojega bli\u017enjega blaga<\/td>\n<td width=\"270\"><a title=\"ZAPOVEDI C2\" href=\"http:\/\/natalijapodjavorsek.splet.arnes.si\/?page_id=363\"><em><strong>Sedmi dan pa je Bog po\u010dival<\/strong><\/em><\/a>\/Posve\u010duj Gospodov dan<\/td>\n<\/tr>\n<tr>\n<td width=\"29\">12<\/td>\n<td width=\"270\"><a title=\"ZAPOVEDI A3\" href=\"http:\/\/natalijapodjavorsek.splet.arnes.si\/?page_id=339\"><em><strong>Rad vaju imam in vaju spo\u0161tujem<\/strong><\/em><\/a>\/<a href=\"http:\/\/natalijapodjavorsek.splet.arnes.si\/files\/2015\/03\/Spo\u0161tuj-o\u010deta-in-mamo-.docx\">Spo\u0161tuj o\u010deta in mamo<\/a><\/td>\n<td width=\"270\"><a title=\"ZAPOVEDI B3\" href=\"http:\/\/natalijapodjavorsek.splet.arnes.si\/?page_id=369\"><em><strong>Jezusovi prijatelji imajo radi resnico<\/strong><\/em><\/a>\/Ne pri\u010daj po krivem!<\/td>\n<td width=\"270\"><a title=\"ZAPOVEDI C3\" href=\"http:\/\/natalijapodjavorsek.splet.arnes.si\/?page_id=347\"><em><strong>\u017divljenje\u00a0 je\u00a0 Bo\u017eji dar<\/strong><\/em> <\/a>\/Ne ubijaj!<\/td>\n<\/tr>\n<tr>\n<td width=\"29\"><\/td>\n<td width=\"198\"><\/td>\n<td width=\"270\"><\/td>\n<td width=\"270\"><\/td>\n<td width=\"270\"><\/td>\n<\/tr>\n<tr>\n<td width=\"29\">13<\/td>\n<td width=\"198\"><\/td>\n<td width=\"270\"><a title=\"MOLITEV A1\" href=\"http:\/\/natalijapodjavorsek.splet.arnes.si\/?page_id=211\">Znamenja in dr\u017ee pri molitvi<\/a><\/td>\n<td width=\"270\"><a href=\"http:\/\/natalijapodjavorsek.splet.arnes.si\/files\/2015\/03\/klepet-z-gospodom.docx\">Klepet z Gospodom<\/a><\/td>\n<td width=\"270\">Veroizpoved<\/td>\n<\/tr>\n<tr>\n<td width=\"29\">14<\/td>\n<td width=\"198\">\n<h3><a href=\"http:\/\/natalijapodjavorsek.splet.arnes.si\/files\/2015\/03\/MOLITEV1.docx\">MOLITEV<\/a><\/h3>\n<\/td>\n<td width=\"270\"><a title=\"MOLITEV A2\" href=\"http:\/\/natalijapodjavorsek.splet.arnes.si\/?page_id=216\">Prosilna molitev<\/a><\/td>\n<td width=\"270\"><a href=\"http:\/\/natalijapodjavorsek.splet.arnes.si\/?p=1919\">Jutranja in ve\u010derna molitev<\/a><\/td>\n<td width=\"270\"><a href=\"http:\/\/natalijapodjavorsek.splet.arnes.si\/files\/2015\/03\/zahvalna-in-slavilna-molitev.docx\">Zahvalna in slavilna molitev<\/a><\/td>\n<\/tr>\n<tr>\n<td width=\"29\">15<\/td>\n<td width=\"198\"><\/td>\n<td width=\"270\"><a href=\"http:\/\/natalijapodjavorsek.splet.arnes.si\/files\/2015\/03\/Molitev-v-tihoti.docx\">Molitev v ti\u0161ini-adoracija<\/a><\/td>\n<td width=\"270\">\n<p>\u00a0<a href=\"http:\/\/natalijapodjavorsek.splet.arnes.si\/files\/2015\/03\/Ro\u017eni-venec.docx\">Ro\u017eni venec<\/a><\/p>\n<p><a href=\"http:\/\/natalijapodjavorsek.splet.arnes.si\/files\/2015\/03\/ro\u017eni-venec.docx\">skrivnosti<\/a><\/td>\n<td width=\"270\"><a href=\"http:\/\/natalijapodjavorsek.splet.arnes.si\/files\/2015\/03\/o\u010de-na\u0161.docx\">O\u010de na\u0161<\/a><\/td>\n<\/tr>\n<tr>\n<td width=\"29\">16<\/td>\n<td width=\"198\">\n<h3>MA\u0160A<\/h3>\n<p><a href=\"http:\/\/natalijapodjavorsek.splet.arnes.si\/?p=2413\">(Stop. Kaj je to? )<\/a><\/td>\n<td width=\"270\">Besedno bogoslu\u017eje<\/td>\n<td width=\"270\">Evharisti\u010dno bogoslu\u017eje<\/td>\n<td width=\"270\">\n<p>&nbsp;<\/p>\n<p><a href=\"http:\/\/natalijapodjavorsek.splet.arnes.si\/files\/2015\/03\/ma\u0161a-kviz.pdf\">ma\u0161a-kviz<\/a><\/p>\n<p>&nbsp;<\/td>\n<\/tr>\n<tr>\n<td width=\"29\">17<\/td>\n<td width=\"198\">\n<h3>\u00a0OSTALO<\/h3>\n<\/td>\n<td width=\"270\"><a href=\"http:\/\/natalijapodjavorsek.splet.arnes.si\/?p=1349\">BO\u017dJA BESEDA JE KAKOR SEME\u00a0\u00a0 Mr4, 1-20 <\/a><\/td>\n<td width=\"270\"><a href=\"http:\/\/natalijapodjavorsek.splet.arnes.si\/?p=1307\">PO STAR\u0160IH BOG SKRBI ZA NAS\u00a0\u00a0 Mt 2, 13-23 <\/a><\/td>\n<td width=\"270\"><a href=\"http:\/\/natalijapodjavorsek.splet.arnes.si\/?p=1267\">\u00a0\u010cUDE\u017dI SE \u0160E DOGAJAJO<\/a><\/td>\n<\/tr>\n<tr>\n<td width=\"29\">18<\/td>\n<td rowspan=\"5\" width=\"198\">\n<h3>SVETO PISMO<\/h3>\n<\/td>\n<td width=\"270\">Sveto pismo \u2013 knjiga vseh knjig<\/td>\n<td width=\"270\">\n<p>Zgodba o Abrahamu<\/p>\n<p>1 Mz 21-22<\/td>\n<td width=\"270\">\u00a0Zgodba o Egiptovskem Jo\u017eefu<\/td>\n<\/tr>\n<tr>\n<td width=\"29\">19<\/td>\n<td width=\"270\">\n<p>Bo\u017eja zaveza z Noetom<\/p>\n<p><a href=\"http:\/\/natalijapodjavorsek.splet.arnes.si\/?p=1301\">(BOG NAS RE\u0160UJE)<\/a><\/td>\n<td width=\"270\">\n<p>Zgodba o Abrahamu<\/p>\n<p>1 Mz 21-22<\/td>\n<td width=\"270\">David in Goljat (1 Sam 17, 1-54)<\/td>\n<\/tr>\n<tr>\n<td width=\"29\">20<\/td>\n<td width=\"270\">\n<p>Babilonski stolp<\/p>\n<p>1 Mz 11, 1-9<\/td>\n<td width=\"270\">Jezus pomiri vihar<\/td>\n<td width=\"270\">Modrost kralja Salamona<\/td>\n<\/tr>\n<tr>\n<td width=\"29\">21<\/td>\n<td width=\"270\">Jezus hodi po vodi<\/td>\n<td width=\"270\">Jezus obudi Jairovo h\u010dero<\/td>\n<td width=\"270\">Usmiljeni Samarijan (Lk 10, 25-37)<\/td>\n<\/tr>\n<tr>\n<td width=\"29\">22<\/td>\n<td width=\"270\">Jezus dela \u010dude\u017ee\/Jezusov prvi \u010dude\u017e<\/td>\n<td width=\"270\">Jezus dela \u010dude\u017ee\/Jezus nasiti 5000 mo\u017e \/<\/td>\n<td width=\"270\">Jezus dela \u010dude\u017ee\/Obujenje Lazarja od mrtvih<\/td>\n<\/tr>\n<tr>\n<td width=\"29\">23<\/td>\n<td width=\"198\">\n<h3>SVETNIKI<\/h3>\n<\/td>\n<td width=\"270\">\u00a0Fran\u010di\u0161ek Assi\u0161ki<\/td>\n<td width=\"270\">Don Bosco<\/td>\n<td width=\"270\">mati Tereza<\/td>\n<\/tr>\n<tr>\n<td width=\"29\">24<\/td>\n<td width=\"198\">\n<h3>CERKVENO LETO<\/h3>\n<\/td>\n<td width=\"270\"><a href=\"http:\/\/natalijapodjavorsek.splet.arnes.si\/files\/2015\/03\/ma\u0161ana-obla\u010dila-.docx\">BOGOSLU\u017dNA OBLA\u010cILA<\/a><\/td>\n<td width=\"270\"><a href=\"http:\/\/natalijapodjavorsek.splet.arnes.si\/files\/2015\/03\/Vpra\u0161anja-cerkveno-leto.pdf\">Vpra\u0161anja cerkveno leto<\/a><\/td>\n<td width=\"270\"><a href=\"http:\/\/natalijapodjavorsek.splet.arnes.si\/files\/2015\/03\/cerkveno-leto.docx\">cerkveno leto<\/a><\/td>\n<\/tr>\n<\/tbody>\n<\/table>\n<p>&nbsp;<\/p>\n<p>&nbsp;<\/p>\n<p><a href=\"http:\/\/natalijapodjavorsek.splet.arnes.si\/?p=1453\">CILJI KATEHEZE ZA I. TRIADO<\/a><\/p>\n<p><a href=\"http:\/\/natalijapodjavorsek.splet.arnes.si\/?p=2379\">SVETNIKI\u00a0<\/a><\/p>\n","protected":false},"excerpt":{"rendered":"<p>Teme so razporejene v 3 leta. Za vsako leto je predvidenih 24 tem.\u00a0 8 ur verouka ostaja rezerviranih za skupne dejavnosti (4 sre\u0107anja za svetopisemski kviz, 4 sre\u010danja za \u017eupnija in cerkev, godovni zavetniki oz. igre ABC katekizem) .\u00a0 Seveda &hellip; <a href=\"https:\/\/natalijapodjavorsek.splet.arnes.si\/?page_id=169\">Beri naprej <span class=\"meta-nav\">&rarr;<\/span><\/a><\/p>\n","protected":false},"author":2218,"featured_media":146,"parent":77,"menu_order":2,"comment_status":"open","ping_status":"open","template":"","meta":{"footnotes":""},"class_list":["post-169","page","type-page","status-publish","has-post-thumbnail","hentry"],"_links":{"self":[{"href":"https:\/\/natalijapodjavorsek.splet.arnes.si\/index.php?rest_route=\/wp\/v2\/pages\/169","targetHints":{"allow":["GET"]}}],"collection":[{"href":"https:\/\/natalijapodjavorsek.splet.arnes.si\/index.php?rest_route=\/wp\/v2\/pages"}],"about":[{"href":"https:\/\/natalijapodjavorsek.splet.arnes.si\/index.php?rest_route=\/wp\/v2\/types\/page"}],"author":[{"embeddable":true,"href":"https:\/\/natalijapodjavorsek.splet.arnes.si\/index.php?rest_route=\/wp\/v2\/users\/2218"}],"replies":[{"embeddable":true,"href":"https:\/\/natalijapodjavorsek.splet.arnes.si\/index.php?rest_route=%2Fwp%2Fv2%2Fcomments&post=169"}],"version-history":[{"count":113,"href":"https:\/\/natalijapodjavorsek.splet.arnes.si\/index.php?rest_route=\/wp\/v2\/pages\/169\/revisions"}],"predecessor-version":[{"id":2681,"href":"https:\/\/natalijapodjavorsek.splet.arnes.si\/index.php?rest_route=\/wp\/v2\/pages\/169\/revisions\/2681"}],"up":[{"embeddable":true,"href":"https:\/\/natalijapodjavorsek.splet.arnes.si\/index.php?rest_route=\/wp\/v2\/pages\/77"}],"wp:featuredmedia":[{"embeddable":true,"href":"https:\/\/natalijapodjavorsek.splet.arnes.si\/index.php?rest_route=\/wp\/v2\/media\/146"}],"wp:attachment":[{"href":"https:\/\/natalijapodjavorsek.splet.arnes.si\/index.php?rest_route=%2Fwp%2Fv2%2Fmedia&parent=169"}],"curies":[{"name":"wp","href":"https:\/\/api.w.org\/{rel}","templated":true}]}}