{"id":2299,"date":"2018-02-21T15:25:14","date_gmt":"2018-02-21T14:25:14","guid":{"rendered":"http:\/\/natalijapodjavorsek.splet.arnes.si\/?page_id=2299"},"modified":"2019-09-07T17:09:50","modified_gmt":"2019-09-07T15:09:50","slug":"pesmi-za-kateheze-za-mlajse-otroke","status":"publish","type":"page","link":"https:\/\/natalijapodjavorsek.splet.arnes.si\/?page_id=2299","title":{"rendered":"PESMI ZA  KATEHEZE ZA MLAJ\u0160E OTROKE"},"content":{"rendered":"<audio class=\"wp-audio-shortcode\" id=\"audio-2299-1\" preload=\"none\" style=\"width: 100%;\" controls=\"controls\"><source type=\"audio\/mpeg\" src=\"http:\/\/natalijapodjavorsek.splet.arnes.si\/files\/2018\/02\/Veliki-mo\u017eje.mp3?_=1\" \/><a href=\"http:\/\/natalijapodjavorsek.splet.arnes.si\/files\/2018\/02\/Veliki-mo\u017eje.mp3\">http:\/\/natalijapodjavorsek.splet.arnes.si\/files\/2018\/02\/Veliki-mo\u017eje.mp3<\/a><\/audio>\n<p>VELIKI BO\u017dJI MO\u017dJE<\/p>\n<audio class=\"wp-audio-shortcode\" id=\"audio-2299-2\" preload=\"none\" style=\"width: 100%;\" controls=\"controls\"><source type=\"audio\/mpeg\" src=\"http:\/\/natalijapodjavorsek.splet.arnes.si\/files\/2018\/02\/Marija-se-rodila-je.mp3?_=2\" \/><a href=\"http:\/\/natalijapodjavorsek.splet.arnes.si\/files\/2018\/02\/Marija-se-rodila-je.mp3\">http:\/\/natalijapodjavorsek.splet.arnes.si\/files\/2018\/02\/Marija-se-rodila-je.mp3<\/a><\/audio>\n<p>MARIJA SE RODILA JE<\/p>\n<audio class=\"wp-audio-shortcode\" id=\"audio-2299-3\" preload=\"none\" style=\"width: 100%;\" controls=\"controls\"><source type=\"audio\/mpeg\" src=\"http:\/\/natalijapodjavorsek.splet.arnes.si\/files\/2018\/02\/Ko-umivam-se.mp3?_=3\" \/><a href=\"http:\/\/natalijapodjavorsek.splet.arnes.si\/files\/2018\/02\/Ko-umivam-se.mp3\">http:\/\/natalijapodjavorsek.splet.arnes.si\/files\/2018\/02\/Ko-umivam-se.mp3<\/a><\/audio>\n<p>KO UMIVAM SE<\/p>\n<audio class=\"wp-audio-shortcode\" id=\"audio-2299-4\" preload=\"none\" style=\"width: 100%;\" controls=\"controls\"><source type=\"audio\/mpeg\" src=\"http:\/\/natalijapodjavorsek.splet.arnes.si\/files\/2018\/02\/Jezus-\u0161e-\u017divi.mp3?_=4\" \/><a href=\"http:\/\/natalijapodjavorsek.splet.arnes.si\/files\/2018\/02\/Jezus-\u0161e-\u017divi.mp3\">http:\/\/natalijapodjavorsek.splet.arnes.si\/files\/2018\/02\/Jezus-\u0161e-\u017divi.mp3<\/a><\/audio>\n<p>OD TU KJER GLAVA JE<\/p>\n<audio class=\"wp-audio-shortcode\" id=\"audio-2299-5\" preload=\"none\" style=\"width: 100%;\" controls=\"controls\"><source type=\"audio\/mpeg\" src=\"http:\/\/natalijapodjavorsek.splet.arnes.si\/files\/2018\/02\/Jezus-nas-je-re\u0161il.mp3?_=5\" \/><a href=\"http:\/\/natalijapodjavorsek.splet.arnes.si\/files\/2018\/02\/Jezus-nas-je-re\u0161il.mp3\">http:\/\/natalijapodjavorsek.splet.arnes.si\/files\/2018\/02\/Jezus-nas-je-re\u0161il.mp3<\/a><\/audio>\n<p>JEZUS NAS JE RE\u0160IL<\/p>\n<audio class=\"wp-audio-shortcode\" id=\"audio-2299-6\" preload=\"none\" style=\"width: 100%;\" controls=\"controls\"><source type=\"audio\/mpeg\" src=\"http:\/\/natalijapodjavorsek.splet.arnes.si\/files\/2018\/02\/Hvala-za-\u017eivljenje.mp3?_=6\" \/><a href=\"http:\/\/natalijapodjavorsek.splet.arnes.si\/files\/2018\/02\/Hvala-za-\u017eivljenje.mp3\">http:\/\/natalijapodjavorsek.splet.arnes.si\/files\/2018\/02\/Hvala-za-\u017eivljenje.mp3<\/a><\/audio>\n<p>GLASNO RECI BOGU HVALA<\/p>\n<audio class=\"wp-audio-shortcode\" id=\"audio-2299-7\" preload=\"none\" style=\"width: 100%;\" controls=\"controls\"><source type=\"audio\/mpeg\" src=\"http:\/\/natalijapodjavorsek.splet.arnes.si\/files\/2018\/02\/Bo\u017eji-vitez-sem.mp3?_=7\" \/><a href=\"http:\/\/natalijapodjavorsek.splet.arnes.si\/files\/2018\/02\/Bo\u017eji-vitez-sem.mp3\">http:\/\/natalijapodjavorsek.splet.arnes.si\/files\/2018\/02\/Bo\u017eji-vitez-sem.mp3<\/a><\/audio>\n<p>BO\u017dJI VITEZ SEM<\/p>\n<audio class=\"wp-audio-shortcode\" id=\"audio-2299-8\" preload=\"none\" style=\"width: 100%;\" controls=\"controls\"><source type=\"audio\/mpeg\" src=\"http:\/\/natalijapodjavorsek.splet.arnes.si\/files\/2018\/02\/Bil-je-vitez-mlad.mp3?_=8\" \/><a href=\"http:\/\/natalijapodjavorsek.splet.arnes.si\/files\/2018\/02\/Bil-je-vitez-mlad.mp3\">http:\/\/natalijapodjavorsek.splet.arnes.si\/files\/2018\/02\/Bil-je-vitez-mlad.mp3<\/a><\/audio>\n<p>BIL JE VITEZ MLAD<\/p>\n","protected":false},"excerpt":{"rendered":"<p>VELIKI BO\u017dJI MO\u017dJE MARIJA SE RODILA JE KO UMIVAM SE OD TU KJER GLAVA JE JEZUS NAS JE RE\u0160IL GLASNO RECI BOGU HVALA BO\u017dJI VITEZ SEM BIL JE VITEZ MLAD<\/p>\n","protected":false},"author":2218,"featured_media":0,"parent":513,"menu_order":0,"comment_status":"closed","ping_status":"closed","template":"","meta":{"footnotes":""},"class_list":["post-2299","page","type-page","status-publish","hentry"],"_links":{"self":[{"href":"https:\/\/natalijapodjavorsek.splet.arnes.si\/index.php?rest_route=\/wp\/v2\/pages\/2299","targetHints":{"allow":["GET"]}}],"collection":[{"href":"https:\/\/natalijapodjavorsek.splet.arnes.si\/index.php?rest_route=\/wp\/v2\/pages"}],"about":[{"href":"https:\/\/natalijapodjavorsek.splet.arnes.si\/index.php?rest_route=\/wp\/v2\/types\/page"}],"author":[{"embeddable":true,"href":"https:\/\/natalijapodjavorsek.splet.arnes.si\/index.php?rest_route=\/wp\/v2\/users\/2218"}],"replies":[{"embeddable":true,"href":"https:\/\/natalijapodjavorsek.splet.arnes.si\/index.php?rest_route=%2Fwp%2Fv2%2Fcomments&post=2299"}],"version-history":[{"count":6,"href":"https:\/\/natalijapodjavorsek.splet.arnes.si\/index.php?rest_route=\/wp\/v2\/pages\/2299\/revisions"}],"predecessor-version":[{"id":2313,"href":"https:\/\/natalijapodjavorsek.splet.arnes.si\/index.php?rest_route=\/wp\/v2\/pages\/2299\/revisions\/2313"}],"up":[{"embeddable":true,"href":"https:\/\/natalijapodjavorsek.splet.arnes.si\/index.php?rest_route=\/wp\/v2\/pages\/513"}],"wp:attachment":[{"href":"https:\/\/natalijapodjavorsek.splet.arnes.si\/index.php?rest_route=%2Fwp%2Fv2%2Fmedia&parent=2299"}],"curies":[{"name":"wp","href":"https:\/\/api.w.org\/{rel}","templated":true}]}}