{"id":2621,"date":"2020-03-01T14:28:22","date_gmt":"2020-03-01T13:28:22","guid":{"rendered":"http:\/\/natalijapodjavorsek.splet.arnes.si\/?page_id=2621"},"modified":"2020-03-01T14:35:31","modified_gmt":"2020-03-01T13:35:31","slug":"krizev-pot","status":"publish","type":"page","link":"https:\/\/natalijapodjavorsek.splet.arnes.si\/?page_id=2621","title":{"rendered":"KRI\u017dEV POT"},"content":{"rendered":"<p><a href=\"http:\/\/natalijapodjavorsek.splet.arnes.si\/files\/2020\/03\/Kri\u017eev-pot-\u010cLOVEKOVE-ROKE-in-POGLED.ppt\">Kri\u017eev pot &#8211; \u010cLOVEKOVE ROKE in POGLED<\/a><\/p>\n<p><a href=\"http:\/\/natalijapodjavorsek.splet.arnes.si\/files\/2020\/03\/Kri\u017eev-pot-Tomislav-Ivan\u010di\u0107.pdf\">Kri\u017eev pot (Tomislav Ivan\u010di\u0107)<\/a><\/p>\n<p><a href=\"http:\/\/natalijapodjavorsek.splet.arnes.si\/files\/2020\/03\/KRI\u017dEV-POT-in-Telesna-in-duhovna-dela-usmiljenja-1.doc\">KRI\u017dEV-POT-in-Telesna-in-duhovna-dela-usmiljenja-1<\/a><\/p>\n<p><a href=\"http:\/\/natalijapodjavorsek.splet.arnes.si\/files\/2020\/03\/Kri\u017eev-pot-In-jaz-gledam...-2.docx\">Kri\u017eev pot &#8211; In jaz gledam&#8230; (2)<\/a><\/p>\n<p><a href=\"http:\/\/natalijapodjavorsek.splet.arnes.si\/files\/2020\/03\/KRI\u017dEV-POT-ZA-OTROKE.pdf\">KRI\u017dEV-POT-ZA-OTROKE<\/a> <a href=\"http:\/\/natalijapodjavorsek.splet.arnes.si\/files\/2020\/03\/Kri\u017eev-pot-za-otroke-1.doc.docx\">Kri\u017eev pot za otroke 1.doc<\/a><\/p>\n<p><a href=\"http:\/\/natalijapodjavorsek.splet.arnes.si\/files\/2020\/03\/Kri\u017eev-pot-za-otroke-2.doc\">Kri\u017eev pot za otroke 2<\/a> <a href=\"http:\/\/natalijapodjavorsek.splet.arnes.si\/files\/2020\/03\/kri\u017eev-pot-karte-odpu\u0161\u010danje.doc\">kri\u017eev pot karte odpu\u0161\u010danje<\/a><\/p>\n<p><a href=\"http:\/\/natalijapodjavorsek.splet.arnes.si\/files\/2020\/03\/Kri\u017eev-pot-za-otroke-2-1.doc\">Kri\u017eev pot za otroke 2<\/a><\/p>\n<p><a href=\"http:\/\/natalijapodjavorsek.splet.arnes.si\/files\/2020\/03\/OTRO\u0160KI-Kri\u017eev-pot.doc\">OTRO\u0160KI Kri\u017eev pot<\/a><\/p>\n<p><a href=\"http:\/\/natalijapodjavorsek.splet.arnes.si\/files\/2020\/03\/krizev-pot-kje-si-bil.pptx\">krizev pot kje si bil<\/a> &#8211; BESEDILO PEsMI IN SLIKE ZA KRI\u017dEV POT<\/p>\n<p><a href=\"http:\/\/natalijapodjavorsek.splet.arnes.si\/files\/2020\/03\/KRI\u017dEV-POT.docx\">KRI\u017dEV POT<\/a> &#8211; BESEDILO PESMI KJE SI BIL<\/p>\n<p><a href=\"http:\/\/natalijapodjavorsek.splet.arnes.si\/files\/2020\/03\/krizev-pot-pesmi-in-slike.pptx\">krizev pot pesmi in slike<\/a> &#8211; BESEDILO RO\u017dE GANTAR<\/p>\n<p><a href=\"http:\/\/natalijapodjavorsek.splet.arnes.si\/files\/2020\/03\/kri\u017eev-pot-za-otroke-berta-golob.pdf\">kri\u017eev pot za otroke berta golob<\/a> . BESEDILO OTRO\u0160KEGA KRI\u017dEVEGA POTA<\/p>\n","protected":false},"excerpt":{"rendered":"<p>Kri\u017eev pot &#8211; \u010cLOVEKOVE ROKE in POGLED Kri\u017eev pot (Tomislav Ivan\u010di\u0107) KRI\u017dEV-POT-in-Telesna-in-duhovna-dela-usmiljenja-1 Kri\u017eev pot &#8211; In jaz gledam&#8230; (2) KRI\u017dEV-POT-ZA-OTROKE Kri\u017eev pot za otroke 1.doc Kri\u017eev pot za otroke 2 kri\u017eev pot karte odpu\u0161\u010danje Kri\u017eev pot za otroke 2 OTRO\u0160KI &hellip; <a href=\"https:\/\/natalijapodjavorsek.splet.arnes.si\/?page_id=2621\">Beri naprej <span class=\"meta-nav\">&rarr;<\/span><\/a><\/p>\n","protected":false},"author":2218,"featured_media":0,"parent":120,"menu_order":0,"comment_status":"closed","ping_status":"closed","template":"","meta":{"footnotes":""},"class_list":["post-2621","page","type-page","status-publish","hentry"],"_links":{"self":[{"href":"https:\/\/natalijapodjavorsek.splet.arnes.si\/index.php?rest_route=\/wp\/v2\/pages\/2621","targetHints":{"allow":["GET"]}}],"collection":[{"href":"https:\/\/natalijapodjavorsek.splet.arnes.si\/index.php?rest_route=\/wp\/v2\/pages"}],"about":[{"href":"https:\/\/natalijapodjavorsek.splet.arnes.si\/index.php?rest_route=\/wp\/v2\/types\/page"}],"author":[{"embeddable":true,"href":"https:\/\/natalijapodjavorsek.splet.arnes.si\/index.php?rest_route=\/wp\/v2\/users\/2218"}],"replies":[{"embeddable":true,"href":"https:\/\/natalijapodjavorsek.splet.arnes.si\/index.php?rest_route=%2Fwp%2Fv2%2Fcomments&post=2621"}],"version-history":[{"count":3,"href":"https:\/\/natalijapodjavorsek.splet.arnes.si\/index.php?rest_route=\/wp\/v2\/pages\/2621\/revisions"}],"predecessor-version":[{"id":2657,"href":"https:\/\/natalijapodjavorsek.splet.arnes.si\/index.php?rest_route=\/wp\/v2\/pages\/2621\/revisions\/2657"}],"up":[{"embeddable":true,"href":"https:\/\/natalijapodjavorsek.splet.arnes.si\/index.php?rest_route=\/wp\/v2\/pages\/120"}],"wp:attachment":[{"href":"https:\/\/natalijapodjavorsek.splet.arnes.si\/index.php?rest_route=%2Fwp%2Fv2%2Fmedia&parent=2621"}],"curies":[{"name":"wp","href":"https:\/\/api.w.org\/{rel}","templated":true}]}}