{"id":431,"date":"2015-05-07T19:50:10","date_gmt":"2015-05-07T19:50:10","guid":{"rendered":"http:\/\/natalijapodjavorsek.splet.arnes.si\/?page_id=431"},"modified":"2017-03-10T11:41:49","modified_gmt":"2017-03-10T10:41:49","slug":"magdalena-gornik","status":"publish","type":"page","link":"https:\/\/natalijapodjavorsek.splet.arnes.si\/?page_id=431","title":{"rendered":"Magdalena Gornik"},"content":{"rendered":"<p style=\"margin-bottom: 0.35cm\"><span style=\"color: #000080\"><span style=\"font-family: verdana\"><span style=\"font-size: large\"><b>Magdalena Gornik<\/b><\/span><\/span><\/span><\/p>\n<p style=\"margin-bottom: 0.35cm\"><span style=\"color: #000080\"><span style=\"font-family: verdana\"><b>Kak\u0161en je njen \u017eivljenjepis, kdaj se je rodila?<\/b><\/span><\/span><\/p>\n<p style=\"margin-bottom: 0.35cm\" align=\"JUSTIFY\"><span style=\"color: #000000\"><span style=\"font-family: verdana\"><span style=\"font-weight: normal\">Rodila se je<\/span><\/span><\/span><span style=\"font-family: verdana\"><b> 19. julij 1835<\/b><\/span><span style=\"font-family: verdana\"> na Gori pri Sodra\u017eici, revnima star\u0161ema kot tretji izmed sedmih otrok, deklica Magdalena. Je \u010disto obi\u010dajen otrok. Pomaga star\u0161ema pri kme\u010dkem delu, rada je v dru\u017ebi svojih vrstnic. Do ljudi je prijazna in ljubezniva. Prosti \u010das najve\u010dkrat porabi za molitev, posebno ljubezen goji do Jezusa v Najsvetej\u0161em zakramentu.<\/span><\/p>\n<p style=\"margin-bottom: 0.35cm\"><span style=\"color: #000080\"><span style=\"font-family: verdana\"><b>Kje se Magdalena prvikrat sre\u010da z nebe\u0161ko Gospo?<\/b><\/span><\/span><\/p>\n<p style=\"margin-bottom: 0.35cm\" align=\"JUSTIFY\"><span style=\"font-family: verdana\"><b>Spomladi 1847<\/b><\/span><span style=\"font-family: verdana\"> \u2013 ko je imela 12 let, Magdalena <\/span><span style=\"color: #800000\"><span style=\"font-family: verdana\">do\u017eivi na njivi prvo sre\u010danje z nebe\u0161ko Gospo. <\/span><\/span><\/p>\n<p style=\"margin-bottom: 0.35cm\" align=\"JUSTIFY\"><span style=\"font-family: verdana\">Magdaleni se prika\u017ee kot kme\u010dka \u017eena in ker je ni spoznala, se ji ta predstavi kot Jezusova mati in mati vseh ljudi. <\/span><span style=\"font-family: verdana\"><b>Pove ji, da je namen njenega prihoda Magdaleno pou\u010diti zakaj delati in komu delo darovati, ter da mora \u0161e mo\u010dneje ljubiti njenega Sina \u2013 Jezusa<\/b><\/span><span style=\"font-family: verdana\">. Magdalena naj se zahvaljuje Bogu za vse dobrote in mu daruje vsako delo. To videnje zelo globoko se\u017ee v Magdalenino srce, zato \u0161e ve\u010d moli in se pozorno pripravlja na prejem prvega svetega obhajila.<\/span><\/p>\n<p style=\"margin-bottom: 0.35cm\"><span style=\"color: #000080\"><span style=\"font-family: verdana\"><b>Kaj se zgodi pri prvem sv. obhajilu?<\/b><\/span><\/span><\/p>\n<p style=\"margin-bottom: 0.35cm\" align=\"JUSTIFY\"><span style=\"font-family: verdana\">Magdalena prejme prvo sveto obhajilo. Pri tem za\u010duti tako silno ljubezen v srcu, da more komaj priti od obhajilne mize nazaj na svoje mesto. Ko pade na kolena, da bi se zahvalila, zasli\u0161i glas z oltarja: \u00bbNikomur ne povej, kar se ti je prigodilo.\u00ab Prepri\u010dana je, da sli\u0161ijo glas tudi druge deklice. \u00bb<\/span><span style=\"font-family: verdana\"><b>Ne,<\/b><\/span><span style=\"font-family: verdana\">\u00ab dalje sli\u0161i, <\/span><span style=\"font-family: verdana\"><b>\u00bbone ne sli\u0161ijo tega glasu, ampak samo ti. Jaz sem tisti, ki si ga pravkar zau\u017eila.\u00ab<\/b><\/span><\/p>\n<p><span style=\"color: #000080\"><span style=\"font-family: verdana\"><b>Kak\u0161na je v \u010dasu bolezni?<\/b><\/span><\/span><\/p>\n<p style=\"margin-bottom: 0.35cm\" align=\"JUSTIFY\"><span style=\"font-family: Verdana,sans-serif\">Isto leto Magdalena <\/span><span style=\"font-family: verdana\">hudo zboli. Stanje se tako poslab\u0161a, da mora ostati v postelji. Hude bole\u010dine prena\u0161a potrpe\u017eljivo; brez vzdihljaja, to\u017ebe ali nejevolje. Nobeno zdravilo ji ne pomaga in tudi noben zdravnih si ne upa postaviti diagnoze. Bolezen se stopnjuje in na koncu ji ohromijo celo noge.<\/span><\/p>\n<p style=\"margin-bottom: 0.35cm\" align=\"JUSTIFY\"><span style=\"color: #000080\"><span style=\"font-family: verdana\"><b>Opi\u0161i nam prosim, kaj do\u017eivi avgusta.<\/b><\/span><\/span><\/p>\n<p style=\"margin-bottom: 0.35cm\" align=\"JUSTIFY\"><span style=\"font-family: Verdana,sans-serif\">Bilo je <\/span><span style=\"font-family: verdana\"><b>2. avgusta 1848<\/b><\/span><span style=\"font-family: verdana\"> , ko <\/span><span style=\"color: #800000\"><span style=\"font-family: verdana\"><b>do\u017eivi Marijino drugo prikazovanje<\/b><\/span><\/span><span style=\"font-family: verdana\">\u2013 <\/span><\/p>\n<p style=\"margin-bottom: 0.35cm\" align=\"JUSTIFY\"><span style=\"font-family: verdana\">Tega dne so bole\u010dine tako hude, da Magdalena omedli. Ko se spet zave, zagleda pred seboj \u017eeno, ki ji naro\u010di, da kadar bo morala kaj potrpeti, naj to prena\u0161a potrpe\u017eljivo in naj vse bole\u010dine daruje Bogu. Pove ji tudi, da bo za naprej hrano prejemala od Boga. Tako ne bo ve\u010d \u010dutila ne lakote ne \u017eeje.<\/span><\/p>\n<p style=\"margin-bottom: 0.35cm\" align=\"JUSTIFY\"><span style=\"font-family: verdana\">Magdalena potem skoraj povsem ozdravi, le njene noge \u0161e ostanejo hrome.<\/span><\/p>\n<p><span style=\"font-family: verdana\"><b>11. avgust 1848<\/b><\/span><span style=\"font-family: verdana\"> \u2013 pa Magdalena <\/span><span style=\"color: #800000\"><span style=\"font-family: verdana\"><b>do\u017eivi prvo zamaknjenje.<\/b><\/span><\/span><span style=\"font-family: verdana\"> V duhu je prestavljena na temno, strmo, ozko in trnjevo pot. Zasli\u0161i glas: \u00bb\u010ce bo\u0161 hotela v nebesa priti, bo\u0161 morala po tej poti hoditi.\u00ab Odlo\u010di se, da bo sledila glasu.<\/span><\/p>\n<p style=\"margin-bottom: 0.35cm\" align=\"JUSTIFY\"><span style=\"color: #000080\"><span style=\"font-family: verdana\"><b>Ali je potem dobila stigme, imela videnja in zamaknjenja?<\/b><\/span><\/span><\/p>\n<p style=\"margin-bottom: 0.35cm\" align=\"LEFT\"><span style=\"font-family: Verdana,sans-serif\">DA, od <\/span><span style=\"font-family: verdana\"><b>24. avgust 1848 pa do smrti<\/b><\/span><span style=\"font-family: verdana\"> \u2013 se pri\u010denjajo Magdalenina redna zamaknjenja in videnja. Za\u010dne se njeno novo \u017eivljensko poslanstvo: trpeti in klicati k pokori. <\/span><\/p>\n<p><span style=\"font-family: verdana\"><b>25. september 1848<\/b><\/span><span style=\"font-family: verdana\"> \u2013 Od tega dne do svoje smrti Magdalena ne u\u017eije nobene zemeljske hrane ve\u010d, razen kapelj vode. Njena hrana je zgolj sveta evharistija in nenavadna jed, ki jo prejema v zamaknjenju od Jezusa, svetnikov ali angela.<\/span><\/p>\n<p><span style=\"font-family: verdana\"><b>sreda pred adventom 1848<\/b><\/span><span style=\"font-family: verdana\"> \u2013 <\/span><span style=\"color: #800000\"><span style=\"font-family: verdana\"><b>Magdalena prejme stigme &#8211; podo\u017eivlja Kristusovo trpljenje<\/b><\/span><\/span><span style=\"font-family: verdana\"><b>.<\/b><\/span><\/p>\n<p><span style=\"font-family: verdana\"><b>1848 \u2013 1853<\/b><\/span><span style=\"font-family: verdana\"> Magdalenina zamaknjenja in videnja spremljajo mnogi misti\u010dni pojavi, ki so potrdilo tega, da govori Bog po njej. Magdalena v stanju zamaknjenja opominja in vabi k pokori, spreobrnjenju in zado\u0161\u010devanju za \u017ealitve in pomanjkljivo izkazovanje ljubezni Bogu. Govori tudi o Bo\u017eji kazni, \u010de do spreobrnenja ne bo pri\u0161lo. Sicer pa so njeni govori osredoto\u010deni na glavni cilj tega na\u0161ega zemeljskega \u017eivljenja: zveli\u010danje vsakega posebej in s tem gledanje in slavljenje Boga.<\/span><\/p>\n<p><span style=\"font-family: verdana\"><b>9. aprila 1855<\/b><\/span><span style=\"font-family: verdana\"> \u2013 Bog ozdravi Magdalenine noge; Magdalena lahko po sedmih letih spet hodi. Toda Jezus ji v videnju pove, da kljub tej ozdravitvi ne bo na svetu brez trpljenja.<\/span><\/p>\n<p><span style=\"font-family: verdana\"><b>23. februar 1896<\/b><\/span><span style=\"font-family: verdana\"> (prva postna nedelja) \u2013 Magdalena umre v zamaknjenju. Vzrok smrti naj bi bila tuberkuloza.<\/span><\/p>\n<p style=\"margin-bottom: 0.35cm\" align=\"LEFT\"><span style=\"font-family: verdana\">Za njenim pogrebom gre le nekaj doma\u010dinov. Ker je Magdalena vedno imela veliko obiskovalcev, je njena sestra Apolonija v zadnji bolezni ve\u010dkrat Magdaleni izrazila skrb zaradi njenega pogreba, kako bodo takrat vse ljudi, ki bodo pri\u0161li, postregli in preno\u010dili, pa jo je Magdalena pomirila, reko\u010d: \u00bbLe mirna bodi, ljubi Bog bo vse prav naredil.\u00ab In njena napoved, oziroma trdno zaupanje v Boga, da bo Bog poskrbel tudi za njen pogreb, se je uresni\u010dila. Zaradi izredno debele sne\u017ene odeje, se pogreba udele\u017ei le osem do deset doma\u010dinov. <\/span><\/p>\n","protected":false},"excerpt":{"rendered":"<p>Magdalena Gornik Kak\u0161en je njen \u017eivljenjepis, kdaj se je rodila? Rodila se je 19. julij 1835 na Gori pri Sodra\u017eici, revnima star\u0161ema kot tretji izmed sedmih otrok, deklica Magdalena. Je \u010disto obi\u010dajen otrok. Pomaga star\u0161ema pri kme\u010dkem delu, rada je &hellip; <a href=\"https:\/\/natalijapodjavorsek.splet.arnes.si\/?page_id=431\">Beri naprej <span class=\"meta-nav\">&rarr;<\/span><\/a><\/p>\n","protected":false},"author":2218,"featured_media":141,"parent":893,"menu_order":0,"comment_status":"closed","ping_status":"closed","template":"","meta":{"footnotes":""},"class_list":["post-431","page","type-page","status-publish","has-post-thumbnail","hentry"],"_links":{"self":[{"href":"https:\/\/natalijapodjavorsek.splet.arnes.si\/index.php?rest_route=\/wp\/v2\/pages\/431","targetHints":{"allow":["GET"]}}],"collection":[{"href":"https:\/\/natalijapodjavorsek.splet.arnes.si\/index.php?rest_route=\/wp\/v2\/pages"}],"about":[{"href":"https:\/\/natalijapodjavorsek.splet.arnes.si\/index.php?rest_route=\/wp\/v2\/types\/page"}],"author":[{"embeddable":true,"href":"https:\/\/natalijapodjavorsek.splet.arnes.si\/index.php?rest_route=\/wp\/v2\/users\/2218"}],"replies":[{"embeddable":true,"href":"https:\/\/natalijapodjavorsek.splet.arnes.si\/index.php?rest_route=%2Fwp%2Fv2%2Fcomments&post=431"}],"version-history":[{"count":2,"href":"https:\/\/natalijapodjavorsek.splet.arnes.si\/index.php?rest_route=\/wp\/v2\/pages\/431\/revisions"}],"predecessor-version":[{"id":433,"href":"https:\/\/natalijapodjavorsek.splet.arnes.si\/index.php?rest_route=\/wp\/v2\/pages\/431\/revisions\/433"}],"up":[{"embeddable":true,"href":"https:\/\/natalijapodjavorsek.splet.arnes.si\/index.php?rest_route=\/wp\/v2\/pages\/893"}],"wp:featuredmedia":[{"embeddable":true,"href":"https:\/\/natalijapodjavorsek.splet.arnes.si\/index.php?rest_route=\/wp\/v2\/media\/141"}],"wp:attachment":[{"href":"https:\/\/natalijapodjavorsek.splet.arnes.si\/index.php?rest_route=%2Fwp%2Fv2%2Fmedia&parent=431"}],"curies":[{"name":"wp","href":"https:\/\/api.w.org\/{rel}","templated":true}]}}

<p style="margin-bottom: 0.35cm"><span style="color: #000080"><span style="font-family: verdana"><span style="font-size: large"><b>Magdalena Gornik</b></span></span></span></p>
<p style="margin-bottom: 0.35cm"><span style="color: #000080"><span style="font-family: verdana"><b>Kakšen je njen življenjepis, kdaj se je rodila?</b></span></span></p>
<p style="margin-bottom: 0.35cm" align="JUSTIFY"><span style="color: #000000"><span style="font-family: verdana"><span style="font-weight: normal">Rodila se je</span></span></span><span style="font-family: verdana"><b> 19. julij 1835</b></span><span style="font-family: verdana"> na Gori pri Sodražici, revnima staršema kot tretji izmed sedmih otrok, deklica Magdalena. Je čisto običajen otrok. Pomaga staršema pri kmečkem delu, rada je v družbi svojih vrstnic. Do ljudi je prijazna in ljubezniva. Prosti čas največkrat porabi za molitev, posebno ljubezen goji do Jezusa v Najsvetejšem zakramentu.</span></p>
<p style="margin-bottom: 0.35cm"><span style="color: #000080"><span style="font-family: verdana"><b>Kje se Magdalena prvikrat sreča z nebeško Gospo?</b></span></span></p>
<p style="margin-bottom: 0.35cm" align="JUSTIFY"><span style="font-family: verdana"><b>Spomladi 1847</b></span><span style="font-family: verdana"> – ko je imela 12 let, Magdalena </span><span style="color: #800000"><span style="font-family: verdana">doživi na njivi prvo srečanje z nebeško Gospo. </span></span></p>
<p style="margin-bottom: 0.35cm" align="JUSTIFY"><span style="font-family: verdana">Magdaleni se prikaže kot kmečka žena in ker je ni spoznala, se ji ta predstavi kot Jezusova mati in mati vseh ljudi. </span><span style="font-family: verdana"><b>Pove ji, da je namen njenega prihoda Magdaleno poučiti zakaj delati in komu delo darovati, ter da mora še močneje ljubiti njenega Sina – Jezusa</b></span><span style="font-family: verdana">. Magdalena naj se zahvaljuje Bogu za vse dobrote in mu daruje vsako delo. To videnje zelo globoko seže v Magdalenino srce, zato še več moli in se pozorno pripravlja na prejem prvega svetega obhajila.</span></p>
<p style="margin-bottom: 0.35cm"><span style="color: #000080"><span style="font-family: verdana"><b>Kaj se zgodi pri prvem sv. obhajilu?</b></span></span></p>
<p style="margin-bottom: 0.35cm" align="JUSTIFY"><span style="font-family: verdana">Magdalena prejme prvo sveto obhajilo. Pri tem začuti tako silno ljubezen v srcu, da more komaj priti od obhajilne mize nazaj na svoje mesto. Ko pade na kolena, da bi se zahvalila, zasliši glas z oltarja: »Nikomur ne povej, kar se ti je prigodilo.« Prepričana je, da slišijo glas tudi druge deklice. »</span><span style="font-family: verdana"><b>Ne,</b></span><span style="font-family: verdana">« dalje sliši, </span><span style="font-family: verdana"><b>»one ne slišijo tega glasu, ampak samo ti. Jaz sem tisti, ki si ga pravkar zaužila.«</b></span></p>
<p><span style="color: #000080"><span style="font-family: verdana"><b>Kakšna je v času bolezni?</b></span></span></p>
<p style="margin-bottom: 0.35cm" align="JUSTIFY"><span style="font-family: Verdana,sans-serif">Isto leto Magdalena </span><span style="font-family: verdana">hudo zboli. Stanje se tako poslabša, da mora ostati v postelji. Hude bolečine prenaša potrpežljivo; brez vzdihljaja, tožbe ali nejevolje. Nobeno zdravilo ji ne pomaga in tudi noben zdravnih si ne upa postaviti diagnoze. Bolezen se stopnjuje in na koncu ji ohromijo celo noge.</span></p>
<p style="margin-bottom: 0.35cm" align="JUSTIFY"><span style="color: #000080"><span style="font-family: verdana"><b>Opiši nam prosim, kaj doživi avgusta.</b></span></span></p>
<p style="margin-bottom: 0.35cm" align="JUSTIFY"><span style="font-family: Verdana,sans-serif">Bilo je </span><span style="font-family: verdana"><b>2. avgusta 1848</b></span><span style="font-family: verdana"> , ko </span><span style="color: #800000"><span style="font-family: verdana"><b>doživi Marijino drugo prikazovanje</b></span></span><span style="font-family: verdana">– </span></p>
<p style="margin-bottom: 0.35cm" align="JUSTIFY"><span style="font-family: verdana">Tega dne so bolečine tako hude, da Magdalena omedli. Ko se spet zave, zagleda pred seboj ženo, ki ji naroči, da kadar bo morala kaj potrpeti, naj to prenaša potrpežljivo in naj vse bolečine daruje Bogu. Pove ji tudi, da bo za naprej hrano prejemala od Boga. Tako ne bo več čutila ne lakote ne žeje.</span></p>
<p style="margin-bottom: 0.35cm" align="JUSTIFY"><span style="font-family: verdana">Magdalena potem skoraj povsem ozdravi, le njene noge še ostanejo hrome.</span></p>
<p><span style="font-family: verdana"><b>11. avgust 1848</b></span><span style="font-family: verdana"> – pa Magdalena </span><span style="color: #800000"><span style="font-family: verdana"><b>doživi prvo zamaknjenje.</b></span></span><span style="font-family: verdana"> V duhu je prestavljena na temno, strmo, ozko in trnjevo pot. Zasliši glas: »Če boš hotela v nebesa priti, boš morala po tej poti hoditi.« Odloči se, da bo sledila glasu.</span></p>
<p style="margin-bottom: 0.35cm" align="JUSTIFY"><span style="color: #000080"><span style="font-family: verdana"><b>Ali je potem dobila stigme, imela videnja in zamaknjenja?</b></span></span></p>
<p style="margin-bottom: 0.35cm" align="LEFT"><span style="font-family: Verdana,sans-serif">DA, od </span><span style="font-family: verdana"><b>24. avgust 1848 pa do smrti</b></span><span style="font-family: verdana"> – se pričenjajo Magdalenina redna zamaknjenja in videnja. Začne se njeno novo življensko poslanstvo: trpeti in klicati k pokori. </span></p>
<p><span style="font-family: verdana"><b>25. september 1848</b></span><span style="font-family: verdana"> – Od tega dne do svoje smrti Magdalena ne užije nobene zemeljske hrane več, razen kapelj vode. Njena hrana je zgolj sveta evharistija in nenavadna jed, ki jo prejema v zamaknjenju od Jezusa, svetnikov ali angela.</span></p>
<p><span style="font-family: verdana"><b>sreda pred adventom 1848</b></span><span style="font-family: verdana"> – </span><span style="color: #800000"><span style="font-family: verdana"><b>Magdalena prejme stigme &#8211; podoživlja Kristusovo trpljenje</b></span></span><span style="font-family: verdana"><b>.</b></span></p>
<p><span style="font-family: verdana"><b>1848 – 1853</b></span><span style="font-family: verdana"> Magdalenina zamaknjenja in videnja spremljajo mnogi mistični pojavi, ki so potrdilo tega, da govori Bog po njej. Magdalena v stanju zamaknjenja opominja in vabi k pokori, spreobrnjenju in zadoščevanju za žalitve in pomanjkljivo izkazovanje ljubezni Bogu. Govori tudi o Božji kazni, če do spreobrnenja ne bo prišlo. Sicer pa so njeni govori osredotočeni na glavni cilj tega našega zemeljskega življenja: zveličanje vsakega posebej in s tem gledanje in slavljenje Boga.</span></p>
<p><span style="font-family: verdana"><b>9. aprila 1855</b></span><span style="font-family: verdana"> – Bog ozdravi Magdalenine noge; Magdalena lahko po sedmih letih spet hodi. Toda Jezus ji v videnju pove, da kljub tej ozdravitvi ne bo na svetu brez trpljenja.</span></p>
<p><span style="font-family: verdana"><b>23. februar 1896</b></span><span style="font-family: verdana"> (prva postna nedelja) – Magdalena umre v zamaknjenju. Vzrok smrti naj bi bila tuberkuloza.</span></p>
<p style="margin-bottom: 0.35cm" align="LEFT"><span style="font-family: verdana">Za njenim pogrebom gre le nekaj domačinov. Ker je Magdalena vedno imela veliko obiskovalcev, je njena sestra Apolonija v zadnji bolezni večkrat Magdaleni izrazila skrb zaradi njenega pogreba, kako bodo takrat vse ljudi, ki bodo prišli, postregli in prenočili, pa jo je Magdalena pomirila, rekoč: »Le mirna bodi, ljubi Bog bo vse prav naredil.« In njena napoved, oziroma trdno zaupanje v Boga, da bo Bog poskrbel tudi za njen pogreb, se je uresničila. Zaradi izredno debele snežne odeje, se pogreba udeleži le osem do deset domačinov. </span></p>

<p>Magdalena Gornik Kakšen je njen življenjepis, kdaj se je rodila? Rodila se je 19. julij 1835 na Gori pri Sodražici, revnima staršema kot tretji izmed sedmih otrok, deklica Magdalena. Je čisto običajen otrok. Pomaga staršema pri kmečkem delu, rada je &hellip; <a href="https://natalijapodjavorsek.splet.arnes.si/?page_id=431">Beri naprej <span class="meta-nav">&rarr;</span></a></p>
