{"id":528,"date":"2017-03-09T16:57:36","date_gmt":"2017-03-09T15:57:36","guid":{"rendered":"http:\/\/natalijapodjavorsek.splet.arnes.si\/?page_id=528"},"modified":"2017-03-10T07:03:36","modified_gmt":"2017-03-10T06:03:36","slug":"molitev-pri-bozjem-grobu-za-druzine-2","status":"publish","type":"page","link":"https:\/\/natalijapodjavorsek.splet.arnes.si\/?page_id=528","title":{"rendered":"MOLITEV PRI BO\u017dJEM GROBU ZA DRU\u017dINE 2"},"content":{"rendered":"<p>MOLITEV PRI BO\u017dJEM GROBU 2016<\/p>\n<p>&nbsp;<\/p>\n<p>&nbsp;<\/p>\n<p><u>pesem\u00a0 Jezus moj ljubim te<\/u><\/p>\n<p>&nbsp;<\/p>\n<p>Jezus, postal si \u010dlovek, ker si \u017eelel biti z nami in nam pomagati \u017eivet tako, da bomo dosegli svoj cilj \u2013 nebesa. Pri\u0161el si med nas, mi pa smo te obsodili, te bi\u010dali in kri\u017eali. Tvoje telo vsega tega ni zmoglo, omagal siin umrl. A preden si umrl\u00a0 na kri\u017eu si nam \u0161e odpustil. Rekel si, O\u010de odpusti jim, saj ne vedo kaj delajo. Prav ima\u0161, res ne vemo, kako s svojimi nepremi\u0161ljenimi dejanji v\u010dasih prizadanemo druge. Hvala ker nas zaradi tega ne obsoja\u0161, ampak nam odpu\u0161\u010da\u0161. Hvala ti, ker nas ima\u0161 tako zelo rad\u2026<\/p>\n<p>&nbsp;<\/p>\n<p><u>pesem Ti si \u0161el na kri\u017e\u2026.<\/u><\/p>\n<p>&nbsp;<\/p>\n<p>Jezus , postal si \u010dlovek in pri\u0161el \u017eiveti med nas. \u017divel si med nami in nas u\u010dil ljubiti. Nisi nas u\u010dil trgovati, nisi nas u\u010dil kuhati, nisi nas u\u010dil ra\u010dunati \u2013 u\u010dil si nas tistega, kar jenajpomembnej\u0161e \u2013 u\u010dil si nas ljubiti. \u201c Ljubite drug drugega, kakor sem vas jaz ljubil,\u201d si nam naro\u010dil. \u201c Ljubite drugega kot samega sebe\u201d si nam naro\u010dal\u2026 A nisi nam le naro\u010dal\u2026 Ti si nas in na\u0161 \u0161e vedno ljubi\u0161\u2026 Ljubi\u0161 nas, ker\u00a0 ve\u0161, da je ljubezen najmo\u010dnej\u0161e vzgojno sredstvo. Ti Jezus\u00a0 vsakega ljubi\u0161, zato pa tako radi stopamo za tabo in ti sledimo, ker vemo, da nas sprejema\u0161 tak\u0161ne kot smo, skupaj z vsemi na\u0161imi talenti, sposobnostmi, slabostmi in napakami. Sprejema\u0161 nas in nasljubi\u0161, brezpogojno ljubi\u0161.<\/p>\n<p>&nbsp;<\/p>\n<p><u>pesem Kako sem \u010dakal ta trenutek\u2026<\/u><\/p>\n<p>&nbsp;<\/p>\n<p>Jezus, postal si \u010dlovek in pri\u0161el \u017eiveti med nas. \u010ceprav si Bo\u017eji sin, si \u017eivel kot \u010disto obi\u010dajen \u010dlovek. In tako kot vsi drugi ljudje ,\u00a0 si tudi ti svojo zemeljsko pot kon\u010dal v grobu. Vemo Jezus, da v grobu ne bo\u0161 ostal, tako kot vemo, da smrt tudi ne kon\u010da \u017eivljenje na\u0161ih bli\u017enjih.\u00a0 A vseeno nam je hudo, ko na\u0161i bli\u017enji odidejo iz Zemlje, kajti potem jih ne vidimo ve\u010d. Verjamemo, da oni vidijo in sli\u0161ijo\u00a0 nas, a mi jih ne vidimo, ne sli\u0161imo\u2026 Zato nam je hudo. Zato nam je hudo tudi danes, ko ti Jezus le\u017ei\u0161 v grobu in si popolnoma nemo\u010den. Nemo\u010den si , negiben si , \u010disto tiho si, \u2026 \u010cisto tiho\u2026<\/p>\n<p>&nbsp;<\/p>\n<p><u>pesem Su\u0161a<\/u><\/p>\n<p>&nbsp;<\/p>\n<p>Jezus, postal si \u010dlovek in pri\u0161el \u017eiveti med nas. \u010ceprav si Bo\u017eji sin, si s tem, ko si pri\u0161el \u017eiveti naZemljo sprejel vsa pravila na\u0161ega sveta. Na\u0161i voditelji so te sramotili, na\u0161i vojaki so te bi\u010dali. Umrl si na kri\u017eu, kot so umirali v tistih \u010dasih najve\u010dji kriminalci.<\/p>\n<p>&nbsp;<\/p>\n<p><u>pesem Nad vsako silo<\/u><\/p>\n<p>&nbsp;<\/p>\n<p>Jezus, postal si \u010dlovek , pri\u0161el \u017eiveti med nas\u00a0 in umrl si kot \u010dlovek. A od smrti naprej zemeljski svet ni imel ve\u010d mo\u010di nad tabo. Pred tvoj grob so zavalili velik kamen, a tebe Jezus kamen ni mogel ustaviti. Pred tvoj grob so postavili dva vojak, a tvojega vstajenja vojaka nista mogla prepre\u010diti.<\/p>\n<p>Jezus hvala ti, ker si nam pokazal, da smrt in grob nista konec, ampak za\u010detek ne\u010desa novega. Hvala ti Jezus za ta nauk.<\/p>\n<p>&nbsp;<\/p>\n<p><em><u>pesem Nebe\u0161ki jeruzalem .<\/u><\/em><\/p>\n<p>VELIKONO\u010cNO VO\u0160\u010cILO PATRA PAVLETA 2016<\/p>\n<p><u>pesem Po milosti\u00a0 <\/u><\/p>\n<p>&nbsp;<\/p>\n<p>Ti si svet, Gospod Bog,<br \/>\nTi edini, ki dela\u0161 \u010dude\u017ee.<br \/>\nTi si mo\u010dan.<br \/>\nTi si velik.<br \/>\nTi si najvi\u0161ji.<br \/>\nTi si vsemogo\u010dni kralj,<br \/>\nti sveti O\u010de,<br \/>\nkralj nebes in zemlje.<\/p>\n<p>Ti si trojstven in eden,<br \/>\nGospod, Bog bogov.<br \/>\nTi sam si dobro,<br \/>\nvse dobro,<br \/>\nnajvi\u0161je dobro,<br \/>\nGospod Bog, \u017eivi in resni\u010dni.<\/p>\n<p>Ti si ljubezen, nesebi\u010dna ljubezen<br \/>\nTi si modrost.<br \/>\nTi si poni\u017enost.<br \/>\nTi si potrpe\u017eljivost.<br \/>\nTi si lepota.<br \/>\nTi si blagost.<br \/>\nTi si varnost.<\/p>\n<p>Ti si spokojnost.<br \/>\nTi si veselje.<br \/>\nTi si na\u0161e upanje in radost.<br \/>\nTi si pravi\u010dnost.<br \/>\nTi si zmernost.<br \/>\nTi si vse na\u0161e bogastvo<br \/>\ndo zadostnosti.<\/p>\n<p>Ti si lepota.<br \/>\nTi si krotkost.<br \/>\nTi si zavetje.<br \/>\nTi si na\u0161 varuh in branitelj.<\/p>\n<p>Ti si pogumnost.<br \/>\nTi si osve\u017eitev.<br \/>\nTi si na\u0161e upanje.<br \/>\nTi si na\u0161a vera.<br \/>\nTi si na\u0161a ljubezen.<\/p>\n<p>Ti si vsa na\u0161a sladkost.<br \/>\nTi si na\u0161e ve\u010dno \u017eivljenje,<br \/>\nveliki in \u010dudoviti Gospod,<br \/>\nvsemogo\u010dni Bog,<br \/>\nusmiljeni Odre\u0161enik! \u2013 Amen.<\/p>\n<p>&nbsp;<\/p>\n<p><u>pesem Ti si moj prijatelj\u2026<\/u><\/p>\n","protected":false},"excerpt":{"rendered":"<p>MOLITEV PRI BO\u017dJEM GROBU 2016 &nbsp; &nbsp; pesem\u00a0 Jezus moj ljubim te &nbsp; Jezus, postal si \u010dlovek, ker si \u017eelel biti z nami in nam pomagati \u017eivet tako, da bomo dosegli svoj cilj \u2013 nebesa. Pri\u0161el si med nas, mi &hellip; <a href=\"https:\/\/natalijapodjavorsek.splet.arnes.si\/?page_id=528\">Beri naprej <span class=\"meta-nav\">&rarr;<\/span><\/a><\/p>\n","protected":false},"author":2218,"featured_media":0,"parent":609,"menu_order":0,"comment_status":"closed","ping_status":"closed","template":"","meta":{"footnotes":""},"class_list":["post-528","page","type-page","status-publish","hentry"],"_links":{"self":[{"href":"https:\/\/natalijapodjavorsek.splet.arnes.si\/index.php?rest_route=\/wp\/v2\/pages\/528","targetHints":{"allow":["GET"]}}],"collection":[{"href":"https:\/\/natalijapodjavorsek.splet.arnes.si\/index.php?rest_route=\/wp\/v2\/pages"}],"about":[{"href":"https:\/\/natalijapodjavorsek.splet.arnes.si\/index.php?rest_route=\/wp\/v2\/types\/page"}],"author":[{"embeddable":true,"href":"https:\/\/natalijapodjavorsek.splet.arnes.si\/index.php?rest_route=\/wp\/v2\/users\/2218"}],"replies":[{"embeddable":true,"href":"https:\/\/natalijapodjavorsek.splet.arnes.si\/index.php?rest_route=%2Fwp%2Fv2%2Fcomments&post=528"}],"version-history":[{"count":1,"href":"https:\/\/natalijapodjavorsek.splet.arnes.si\/index.php?rest_route=\/wp\/v2\/pages\/528\/revisions"}],"predecessor-version":[{"id":529,"href":"https:\/\/natalijapodjavorsek.splet.arnes.si\/index.php?rest_route=\/wp\/v2\/pages\/528\/revisions\/529"}],"up":[{"embeddable":true,"href":"https:\/\/natalijapodjavorsek.splet.arnes.si\/index.php?rest_route=\/wp\/v2\/pages\/609"}],"wp:attachment":[{"href":"https:\/\/natalijapodjavorsek.splet.arnes.si\/index.php?rest_route=%2Fwp%2Fv2%2Fmedia&parent=528"}],"curies":[{"name":"wp","href":"https:\/\/api.w.org\/{rel}","templated":true}]}}