{"id":673,"date":"2017-03-10T08:35:54","date_gmt":"2017-03-10T07:35:54","guid":{"rendered":"http:\/\/natalijapodjavorsek.splet.arnes.si\/?page_id=673"},"modified":"2017-03-10T08:37:29","modified_gmt":"2017-03-10T07:37:29","slug":"igre-za-miklavza","status":"publish","type":"page","link":"https:\/\/natalijapodjavorsek.splet.arnes.si\/?page_id=673","title":{"rendered":"IGRE ZA MIKLAV\u017dA"},"content":{"rendered":"<p><a href=\"http:\/\/natalijapodjavorsek.splet.arnes.si\/files\/2017\/03\/ko-zboli-miklav\u017e.doc\">Ko zboli miklav\u017e<\/a><\/p>\n<p><a href=\"http:\/\/natalijapodjavorsek.splet.arnes.si\/files\/2017\/03\/\u010de-to-zmore-on-zmorem-tudi-jaz.docx\">\u010ce to zmore on, zmorem tudi jaz<\/a><\/p>\n<p><a href=\"http:\/\/natalijapodjavorsek.splet.arnes.si\/files\/2017\/03\/Kaj-mi-bo-letos-prinesel-miklav\u017e-drugi-del.docx\">Kaj mi bo letos prinesel miklav\u017e &#8211; drugi del<\/a><\/p>\n<p><a href=\"http:\/\/natalijapodjavorsek.splet.arnes.si\/files\/2017\/03\/Kaj-mi-bo-pa-letos-prinesel-miklav\u017e-prvi-del.docx\">Kaj mi bo pa letos prinesel miklav\u017e &#8211; prvi del<\/a><\/p>\n<p>&nbsp;<\/p>\n","protected":false},"excerpt":{"rendered":"<p>Ko zboli miklav\u017e \u010ce to zmore on, zmorem tudi jaz Kaj mi bo letos prinesel miklav\u017e &#8211; drugi del Kaj mi bo pa letos prinesel miklav\u017e &#8211; prvi del &nbsp;<\/p>\n","protected":false},"author":2218,"featured_media":0,"parent":120,"menu_order":0,"comment_status":"closed","ping_status":"closed","template":"","meta":{"footnotes":""},"class_list":["post-673","page","type-page","status-publish","hentry"],"_links":{"self":[{"href":"https:\/\/natalijapodjavorsek.splet.arnes.si\/index.php?rest_route=\/wp\/v2\/pages\/673","targetHints":{"allow":["GET"]}}],"collection":[{"href":"https:\/\/natalijapodjavorsek.splet.arnes.si\/index.php?rest_route=\/wp\/v2\/pages"}],"about":[{"href":"https:\/\/natalijapodjavorsek.splet.arnes.si\/index.php?rest_route=\/wp\/v2\/types\/page"}],"author":[{"embeddable":true,"href":"https:\/\/natalijapodjavorsek.splet.arnes.si\/index.php?rest_route=\/wp\/v2\/users\/2218"}],"replies":[{"embeddable":true,"href":"https:\/\/natalijapodjavorsek.splet.arnes.si\/index.php?rest_route=%2Fwp%2Fv2%2Fcomments&post=673"}],"version-history":[{"count":3,"href":"https:\/\/natalijapodjavorsek.splet.arnes.si\/index.php?rest_route=\/wp\/v2\/pages\/673\/revisions"}],"predecessor-version":[{"id":697,"href":"https:\/\/natalijapodjavorsek.splet.arnes.si\/index.php?rest_route=\/wp\/v2\/pages\/673\/revisions\/697"}],"up":[{"embeddable":true,"href":"https:\/\/natalijapodjavorsek.splet.arnes.si\/index.php?rest_route=\/wp\/v2\/pages\/120"}],"wp:attachment":[{"href":"https:\/\/natalijapodjavorsek.splet.arnes.si\/index.php?rest_route=%2Fwp%2Fv2%2Fmedia&parent=673"}],"curies":[{"name":"wp","href":"https:\/\/api.w.org\/{rel}","templated":true}]}}