{"id":721,"date":"2017-03-10T10:15:37","date_gmt":"2017-03-10T09:15:37","guid":{"rendered":"http:\/\/natalijapodjavorsek.splet.arnes.si\/?page_id=721"},"modified":"2017-03-10T10:55:07","modified_gmt":"2017-03-10T09:55:07","slug":"duhovni-program-za-predsolske-otroke-in-otroke-prvega-razreda","status":"publish","type":"page","link":"https:\/\/natalijapodjavorsek.splet.arnes.si\/?page_id=721","title":{"rendered":"PRED\u0160OLSKI IN PRVI RAZRED"},"content":{"rendered":"<p>Duhovni program je narejen ob razli\u010dnih risankah, z namenom, da so otroci \u010dim dlje \u010dasa aktivno zaposleni in imajo lahko tako star\u0161i \u010das za svoje poglabljanje.<\/p>\n<p><a href=\"http:\/\/natalijapodjavorsek.splet.arnes.si\/files\/2017\/03\/bog-me-ima-rad-dhv-za-pred\u0161olske.docx\">STI\u010cNA 2016 &#8211; risanke o Fran\u010dku &#8211; samo za soboto<\/a><\/p>\n<p><a href=\"http:\/\/natalijapodjavorsek.splet.arnes.si\/files\/2017\/03\/VIKEND-PROGRAM-ZA-PRED\u0160OLSKE-OTROKE-NA-DUHOVNEM-VIKENDU-V-KAN\u010cEVCIH-2017.docx\">KAN\u010cEVCI 2017 &#8211; glavna risanka Medved Uhec <\/a><\/p>\n<p>&nbsp;<\/p>\n","protected":false},"excerpt":{"rendered":"<p>Duhovni program je narejen ob razli\u010dnih risankah, z namenom, da so otroci \u010dim dlje \u010dasa aktivno zaposleni in imajo lahko tako star\u0161i \u010das za svoje poglabljanje. STI\u010cNA 2016 &#8211; risanke o Fran\u010dku &#8211; samo za soboto KAN\u010cEVCI 2017 &#8211; glavna &hellip; <a href=\"https:\/\/natalijapodjavorsek.splet.arnes.si\/?page_id=721\">Beri naprej <span class=\"meta-nav\">&rarr;<\/span><\/a><\/p>\n","protected":false},"author":2218,"featured_media":0,"parent":269,"menu_order":0,"comment_status":"closed","ping_status":"closed","template":"","meta":{"footnotes":""},"class_list":["post-721","page","type-page","status-publish","hentry"],"_links":{"self":[{"href":"https:\/\/natalijapodjavorsek.splet.arnes.si\/index.php?rest_route=\/wp\/v2\/pages\/721","targetHints":{"allow":["GET"]}}],"collection":[{"href":"https:\/\/natalijapodjavorsek.splet.arnes.si\/index.php?rest_route=\/wp\/v2\/pages"}],"about":[{"href":"https:\/\/natalijapodjavorsek.splet.arnes.si\/index.php?rest_route=\/wp\/v2\/types\/page"}],"author":[{"embeddable":true,"href":"https:\/\/natalijapodjavorsek.splet.arnes.si\/index.php?rest_route=\/wp\/v2\/users\/2218"}],"replies":[{"embeddable":true,"href":"https:\/\/natalijapodjavorsek.splet.arnes.si\/index.php?rest_route=%2Fwp%2Fv2%2Fcomments&post=721"}],"version-history":[{"count":4,"href":"https:\/\/natalijapodjavorsek.splet.arnes.si\/index.php?rest_route=\/wp\/v2\/pages\/721\/revisions"}],"predecessor-version":[{"id":799,"href":"https:\/\/natalijapodjavorsek.splet.arnes.si\/index.php?rest_route=\/wp\/v2\/pages\/721\/revisions\/799"}],"up":[{"embeddable":true,"href":"https:\/\/natalijapodjavorsek.splet.arnes.si\/index.php?rest_route=\/wp\/v2\/pages\/269"}],"wp:attachment":[{"href":"https:\/\/natalijapodjavorsek.splet.arnes.si\/index.php?rest_route=%2Fwp%2Fv2%2Fmedia&parent=721"}],"curies":[{"name":"wp","href":"https:\/\/api.w.org\/{rel}","templated":true}]}}